s digit of 377303?
0
What is the hundreds digit of 1008829?
8
What is the thousands digit of 7556149?
6
What is the millions digit of 9929801?
9
What is the tens digit of 4142065?
6
What is the hundreds digit of 29026229?
2
What is the units digit of 2572237?
7
What is the units digit of 2847435?
5
What is the hundred thousands digit of 18937294?
9
What is the hundreds digit of 396606?
6
What is the hundred thousands digit of 1547480?
5
What is the ten thousands digit of 1333158?
3
What is the hundred thousands digit of 849510?
8
What is the millions digit of 5994228?
5
What is the ten thousands digit of 5954277?
5
What is the tens digit of 415459?
5
What is the millions digit of 1955187?
1
What is the units digit of 1683677?
7
What is the ten thousands digit of 166283?
6
What is the ten thousands digit of 23289?
2
What is the millions digit of 14760490?
4
What is the hundreds digit of 6500219?
2
What is the units digit of 462964?
4
What is the millions digit of 5362331?
5
What is the millions digit of 14870328?
4
What is the ten thousands digit of 750098?
5
What is the hundreds digit of 895118?
1
What is the tens digit of 7842382?
8
What is the thousands digit of 22830840?
0
What is the ten thousands digit of 2539032?
3
What is the hundred thousands digit of 6632118?
6
What is the millions digit of 11061901?
1
What is the hundreds digit of 38261?
2
What is the thousands digit of 28392?
8
What is the tens digit of 498188?
8
What is the tens digit of 6796425?
2
What is the tens digit of 10203128?
2
What is the ten millions digit of 17109476?
1
What is the hundreds digit of 57949?
9
What is the millions digit of 19880543?
9
What is the millions digit of 8570646?
8
What is the hundreds digit of 97087?
0
What is the ten thousands digit of 4860456?
6
What is the units digit of 200221?
1
What is the tens digit of 12822843?
4
What is the tens digit of 274543?
4
What is the hundreds digit of 8589?
5
What is the hundred thousands digit of 904220?
9
What is the units digit of 9248101?
1
What is the hundred thousands digit of 3908908?
9
What is the thousands digit of 254275?
4
What is the units digit of 19817843?
3
What is the tens digit of 85534?
3
What is the units digit of 210735?
5
What is the thousands digit of 573347?
3
What is the hundreds digit of 146590?
5
What is the ten thousands digit of 2287888?
8
What is the tens digit of 437397?
9
What is the hundred thousands digit of 5727425?
7
What is the hundreds digit of 3320228?
2
What is the ten thousands digit of 558820?
5
What is the tens digit of 3371326?
2
What is the hundred thousands digit of 3836173?
8
What is the hundred thousands digit of 687433?
6
What is the thousands digit of 11682111?
2
What is the tens digit of 533181?
8
What is the tens digit of 69580?
8
What is the units digit of 1351390?
0
What is the thousands digit of 280883?
0
What is the tens digit of 9036315?
1
What is the ten thousands digit of 4207941?
0
What is the hundreds digit of 262151?
1
What is the hundreds digit of 270133?
1
What is the units digit of 140693?
3
What is the ten thousands digit of 249624?
4
What is the tens digit of 19204280?
8
What is the tens digit of 346220?
2
What is the tens digit of 1996339?
3
What is the units digit of 2014605?
5
What is the millions digit of 2164568?
2
What is the millions digit of 3760939?
3
What is the units digit of 2597711?
1
What is the ten thousands digit of 2218474?
1
What is the units digit of 34365624?
4
What is the hundred thousands digit of 2179566?
1
What is the hundred thousands digit of 155572?
1
What is the tens digit of 295571?
7
What is the ten thousands digit of 5728870?
2
What is the hundreds digit of 1088262?
2
What is the units digit of 613889?
9
What is the units digit of 204026?
6
What is the hundreds digit of 122784?
7
What is the ten thousands digit of 1405041?
0
What is the ten millions digit of 20489668?
2
What is the hundred thousands digit of 1190475?
1
What is the units digit of 100983?
3
What is the thousands digit of 176962?
6
What is the thousands digit of 2868285?
8
What is the hundreds digit of 1142776?
7
What is the tens digit of 9722918?
1
What is the units digit of 5069276?
6
What is the millions digit of 19648216?
9
What is the tens digit of 2119002?
0
What is the units digit of 2690342?
2
What is the millions digit of 1254827?
1
What is the hundred thousands digit of 1181404?
1
What is the ten thousands digit of 279871?
7
What is the hundred thousands digit of 251727?
2
What is the tens digit of 1393?
9
What is the ten thousands digit of 169608?
6
What is the ten thousands digit of 675306?
7
What is the millions digit of 10022617?
0
What is the units digit of 2878572?
2
What is the hundreds digit of 295744?
7
What is the millions digit of 33212587?
3
What is the thousands digit of 6938448?
8
What is the tens digit of 653854?
5
What is the tens digit of 16030479?
7
What is the hundreds digit of 1064975?
9
What is the ten thousands digit of 352275?
5
What is the thousands digit of 16548?
6
What is the hundred thousands digit of 19754494?
7
What is the tens digit of 1452474?
7
What is the units digit of 1236985?
5
What is the hundred thousands digit of 25195418?
1
What is the units digit of 643476?
6
What is the ten thousands digit of 524245?
2
What is the thousands digit of 912713?
2
What is the tens digit of 831956?
5
What is the hundreds digit of 83189?
1
What is the hundreds digit of 65739?
7
What is the hundred thousands digit of 945954?
9
What is the tens digit of 171621?
2
What is the hundreds digit of 58778?
7
What is the ten thousands digit of 183248?
8
What is the tens digit of 13194727?
2
What is the thousands digit of 526533?
6
What is the units digit of 289935?
5
What is the ten thousands digit of 314270?
1
What is the tens digit of 231622?
2
What is the tens digit of 24889789?
8
What is the hundred thousands digit of 744344?
7
What is the hundred thousands digit of 2792352?
7
What is the tens digit of 3425025?
2
What is the thousands digit of 1584607?
4
What is the ten thousands digit of 11872987?
7
What is the millions digit of 2981842?
2
What is the ten thousands digit of 11620325?
2
What is the thousands digit of 14902618?
2
What is the units digit of 5494576?
6
What is the tens digit of 236212?
1
What is the ten thousands digit of 1020978?
2
What is the hundreds digit of 55469?
4
What is the thousands digit of 4280968?
0
What is the tens digit of 33931917?
1
What is the hundreds digit of 261552?
5
What is the units digit of 106609?
9
What is the tens digit of 1819893?
9
What is the thousands digit of 673334?
3
What is the ten millions digit of 24658656?
2
What is the tens digit of 265625?
2
What is the thousands digit of 110588?
0
What is the units digit of 14278495?
5
What is the hundred thousands digit of 176795?
1
What is the millions digit of 7527769?
7
What is the thousands digit of 4791188?
1
What is the thousands digit of 2515557?
5
What is the hundred thousands digit of 5667302?
6
What is the hundred thousands digit of 270644?
2
What is the thousands digit of 896017?
6
What is the hundreds digit of 3588241?
2
What is the hundreds digit of 5920643?
6
What is the ten millions digit of 27837775?
2
What is the units digit of 18591688?
8
What is the hundreds digit of 171811?
8
What is the hundreds digit of 114011?
0
What is the units digit of 270358?
8
What is the hundred thousands digit of 15137617?
1
What is the millions digit of 8152724?
8
What is the tens digit of 13524958?
5
What is the hundred thousands digit of 5710545?
7
What is the units digit of 121395?
5
What is the units digit of 21740197?
7
What is the thousands digit of 21175?
1
What is the thousands digit of 7278456?
8
What is the tens digit of 350347?
4
What is the thousands digit of 169316?
9
What is the thousands digit of 719850?
9
What is the tens digit of 447002?
0
What is the hundred thousands digit of 315367?
3
What is the units digit of 2742237?
7
What is the ten thousands digit of 426489?
2
What is the units digit of 10054318?
8
What is the ten thousands digit of 368844?
6
What is the ten thousands digit of 1458923?
5
What is the hundreds digit of 94890?
8
What is the thousands digit of 438537?
8
What is the tens digit of 70629?
2
What is the 